{"id":2030,"date":"2022-10-14T23:29:24","date_gmt":"2022-10-14T23:29:24","guid":{"rendered":"http:\/\/caricafellc.com\/honduras\/"},"modified":"2023-03-29T06:10:05","modified_gmt":"2023-03-29T06:10:05","slug":"honduras","status":"publish","type":"page","link":"https:\/\/caricafellc.com\/es\/honduras\/","title":{"rendered":"Honduras"},"content":{"rendered":"<p>[vc_row][vc_column css=&#8221;.vc_custom_1679989326766{margin-top: 60px !important;}&#8221;]\t\n\t<h2 style=\"text-align: center;\" > Regiones cafetaleras de Honduras<\/h2>\t\n[vc_empty_space height=&#8221;30px&#8221;][\/vc_column][\/vc_row][vc_row][vc_column width=&#8221;1\/3&#8243; css=&#8221;.vc_custom_1665795121748{background-color: #788142 !important;}&#8221;][vc_empty_space height=&#8221;30px&#8221;][vc_single_image image=&#8221;1699&#8243; alignment=&#8221;center&#8221;][vc_hoverbox image=&#8221;1697&#8243; primary_title=&#8221;Cop\u00e1n&#8221; primary_title_font_container=&#8221;color:%23ffffff&#8221; hover_title=&#8221;&#8221; shape=&#8221;square&#8221; hover_background_color=&#8221;white&#8221; align=&#8221;left&#8221; use_custom_fonts_primary_title=&#8221;true&#8221;]<\/p>\n<p style=\"text-align: left;\"><strong>CARACTER\u00cdSTICAS DE TAZA:<\/strong><\/p>\n<p style=\"text-align: left;\">Caf\u00e9 de aroma dulce, sabor a chocolate, cuerpo cremoso, balanceado, con un pos gusto dulce y persistente.<\/p>\n<p style=\"text-align: left;\"><strong>UBICACI\u00d3N GEOGR\u00c1FICA:<\/strong><\/p>\n<p style=\"text-align: left;\">Cop\u00e1n, Ocotepeque y Santa B\u00e1rbara<\/p>\n<p style=\"text-align: left;\"><strong>PRECIPITACI\u00d3N ANUALES:<\/strong><\/p>\n<p style=\"text-align: left;\">1.300 &#8211; 2.300 mm<\/p>\n<p style=\"text-align: left;\"><strong>ALTITUD:<\/strong><\/p>\n<p style=\"text-align: left;\">1.000 &#8211; 1.700 mnsm<\/p>\n<p style=\"text-align: left;\"><strong>TEMPERATURA:<\/strong><\/p>\n<p style=\"text-align: left;\">16 &#8211; 24 \u00baC<\/p>\n<p style=\"text-align: left;\"><strong>TIPO DE SOMBRA:<\/strong><\/p>\n<p style=\"text-align: left;\">Inga, Frutales y Forestal<br \/>\n<b data-stringify-type=\"bold\"><\/b><\/p>\n<p style=\"text-align: left;\"><strong>VARIEDADES:<\/strong><\/p>\n<p style=\"text-align: left;\">Bourbon, Catua\u00ed, Pacas, Lempira e IHCAFE 90<\/p>\n<p style=\"text-align: left;\"><strong>PERIODO DE CULTIVO:<\/strong><\/p>\n<p style=\"text-align: left;\">Noviembre -Marzo<\/p>\n<p>&nbsp;<\/p>\n<p>[\/vc_hoverbox][\/vc_column][vc_column width=&#8221;1\/3&#8243; css=&#8221;.vc_custom_1665806886473{background-color: #f27733 !important;}&#8221;][vc_empty_space height=&#8221;30px&#8221;][vc_single_image image=&#8221;1700&#8243; img_size=&#8221;210&#215;150&#8243; alignment=&#8221;center&#8221;][vc_hoverbox image=&#8221;1692&#8243; primary_title=&#8221;Opalaca&#8221; primary_title_font_container=&#8221;color:%23ffffff&#8221; hover_title=&#8221;&#8221; shape=&#8221;square&#8221; hover_background_color=&#8221;white&#8221; align=&#8221;left&#8221; use_custom_fonts_primary_title=&#8221;true&#8221; css=&#8221;.vc_custom_1680069888895{background-color: #f27733 !important;}&#8221;]<\/p>\n<p style=\"text-align: left;\"><strong>CARACTER\u00cdSTICAS DE TAZA:<\/strong><br \/>\nCaf\u00e9 con una fina y delicada acidez, equilibrado, con sabores de frutas tropicales como uva y la mora, con post gusto c\u00edtrico.<br \/>\n<strong>UBICACI\u00d3N GEOGR\u00c1FICA:<\/strong><br \/>\nSanta B\u00e1rbara, Intibuca y Lempira<br \/>\n<strong>PRECIPITACI\u00d3N ANUAL:<\/strong><br \/>\n1.300 &#8211; 2.300 mm<br \/>\n<strong>ALTITUD:<\/strong><br \/>\n1.100 &#8211; 1.700 msnm<br \/>\n<strong>TEMPERATURA:<\/strong><br \/>\n14 &#8211; 22 \u00baC<br \/>\n<strong>TIPO DE SOMBRA:<\/strong><br \/>\nInga, frutales y Forestales<br \/>\n<strong>VARIEDADES:<\/strong><br \/>\nBourbon, Catua\u00ed, Lempira y Typica<br \/>\n<strong>PERIODO DE CULTIVO:<\/strong><br \/>\nNoviembre &#8211; Marzo<\/p>\n<p>[\/vc_hoverbox][\/vc_column][vc_column width=&#8221;1\/3&#8243; css=&#8221;.vc_custom_1665806936575{background-color: #7ec34e !important;}&#8221;][vc_empty_space height=&#8221;30px&#8221;][vc_single_image image=&#8221;2017&#8243; img_size=&#8221;210&#215;150&#8243; alignment=&#8221;center&#8221;][vc_hoverbox image=&#8221;1693&#8243; primary_title=&#8221;Montecillos&#8221; primary_title_font_container=&#8221;color:%23ffffff&#8221; hover_title=&#8221;&#8221; shape=&#8221;square&#8221; hover_background_color=&#8221;white&#8221; align=&#8221;left&#8221; use_custom_fonts_primary_title=&#8221;true&#8221; css=&#8221;.vc_custom_1680069943392{background-color: #7ec34e !important;}&#8221;]<\/p>\n<p style=\"text-align: left;\"><strong>CARACTER\u00cdSTICAS DE TAZA:<\/strong><br \/>\nCaf\u00e9 con fragancias afrutadas y dulces, acidez viva y brillante, cuerpo aterciopelado con sabores c\u00edtricos y a melocot\u00f3n, con un regusto persistente.<br \/>\n<strong>UBICACI\u00d3N GEOGR\u00c1FICA:<\/strong><br \/>\nLa Paz, Comayagua, Santa B\u00e1rbara e Intibuca<br \/>\n<strong>PRECIPITACI\u00d3N ANUAL:<\/strong><br \/>\n1.300 &#8211; 2.300 mm<br \/>\n<strong>ALTITUD:<\/strong><br \/>\n1.100 &#8211; 1.700 msnm<br \/>\n<strong>TEMPERATURA:<\/strong><br \/>\n16 &#8211; 24 \u00b0C<br \/>\n<strong>TIPO DE SOMBRA:<\/strong><br \/>\nInga, Frutales y Forestales y Pino<br \/>\n<strong>VARIEDADES:<\/strong><br \/>\nBourbon, Catua\u00ed, Lempira y Pacas<br \/>\n<strong>PERIODO DE CULTIVO:<\/strong><br \/>\nDiciembre &#8211; Abril<\/p>\n<p>[\/vc_hoverbox][\/vc_column][\/vc_row][vc_row][vc_column][vc_empty_space height=&#8221;30px&#8221;][\/vc_column][\/vc_row][vc_row][vc_column width=&#8221;1\/3&#8243; css=&#8221;.vc_custom_1665809167714{background-color: #3b3c75 !important;}&#8221;][vc_empty_space height=&#8221;30px&#8221;][vc_single_image image=&#8221;2004&#8243; alignment=&#8221;center&#8221;][vc_hoverbox image=&#8221;1697&#8243; primary_title=&#8221;Comayagua&#8221; primary_title_font_container=&#8221;color:%23ffffff&#8221; hover_title=&#8221;&#8221; shape=&#8221;square&#8221; hover_background_color=&#8221;white&#8221; align=&#8221;left&#8221; use_custom_fonts_primary_title=&#8221;true&#8221;]<\/p>\n<p style=\"text-align: left;\"><strong>CARACTER\u00cdSTICAS DE TAZA:<\/strong><br \/>\nCaf\u00e9 con fragancias dulces y frutales, cuerpo cremoso y un pronunciado sabor c\u00edtrico<br \/>\n<strong>UBICACI\u00d3N GEOGR\u00c1FICA:<\/strong><br \/>\nComayagua, Francisco Moraz\u00e1n, La Paz e Intibuc\u00e1<br \/>\n<strong>PRECIPITACI\u00d3N ANUAL:<\/strong><br \/>\n1300 &#8211; 2300 mm<br \/>\n<strong>ALTITUD:<\/strong><br \/>\n1.100 &#8211; 1.700 mnsm<br \/>\n<strong>TEMPERATURA:<\/strong><br \/>\n16 &#8211; 22 \u00b0C<br \/>\n<strong>TIPO DE SOMBRA:<\/strong><br \/>\nInga, Frutales Forestales y Pino<br \/>\n<strong>VARIEDADES:<\/strong><br \/>\nBourbon, Typica, Caturrra y Lempira<br \/>\n<strong>PERIODO DE CULTIVO:<\/strong><br \/>\nDiciembre &#8211; Marzo<\/p>\n<p>\u00a0[\/vc_hoverbox][\/vc_column][vc_column width=&#8221;1\/3&#8243; css=&#8221;.vc_custom_1665811283096{background-color: #c63441 !important;}&#8221;][vc_empty_space height=&#8221;30px&#8221;][vc_single_image image=&#8221;1701&#8243; alignment=&#8221;center&#8221;][vc_hoverbox image=&#8221;1703&#8243; primary_title=&#8221;Agalta&#8221; primary_title_font_container=&#8221;color:%23ffffff&#8221; hover_title=&#8221;&#8221; shape=&#8221;square&#8221; hover_background_color=&#8221;white&#8221; align=&#8221;left&#8221; use_custom_fonts_primary_title=&#8221;true&#8221; css=&#8221;.vc_custom_1680070069967{background-color: #c63441 !important;}&#8221;]<\/p>\n<p style=\"text-align: left;\"><strong>CARACTER\u00cdSTICAS DE TAZA:<\/strong><br \/>\nCafe con fragancia a caramelo, con diversos sabores a frutas tropicales y postgusto dulce.<br \/>\n<strong>UBICACI\u00d3N GEOGR\u00c1FICA:<\/strong><br \/>\nOlancho, Yoro , Atlantida y Col\u00f3n<br \/>\n<strong>PRECIPITACI\u00d3N ANUAL:<\/strong><br \/>\n1.300 &#8211; 2.300 mm<br \/>\n<strong>ALTITUD:<\/strong><br \/>\n1.100 &#8211; 1.700 msnm<br \/>\n<strong>TEMPERATURA:<\/strong><br \/>\n16 &#8211; 24\u00b0C<br \/>\n<strong>TIPO DE SOMBRA:<\/strong><br \/>\nInga, fruta y bosque<br \/>\n<strong>VARIEDADES<\/strong>:<br \/>\nBourbon, Typica , Caturra y Lempira<br \/>\n<strong>PERIODO DE CULTIVO:<\/strong><br \/>\nDiciembre &#8211; Marzo<\/p>\n<p>[\/vc_hoverbox][\/vc_column][vc_column width=&#8221;1\/3&#8243; css=&#8221;.vc_custom_1665811307240{background-color: #fcd228 !important;}&#8221;][vc_empty_space height=&#8221;30px&#8221;][vc_single_image image=&#8221;2008&#8243; alignment=&#8221;center&#8221;][vc_hoverbox image=&#8221;1702&#8243; primary_title=&#8221;El Para\u00edso&#8221; primary_title_font_container=&#8221;color:%23ffffff&#8221; hover_title=&#8221;&#8221; shape=&#8221;square&#8221; hover_background_color=&#8221;white&#8221; align=&#8221;left&#8221; use_custom_fonts_primary_title=&#8221;true&#8221; css=&#8221;.vc_custom_1680070085774{background-color: #fcd228 !important;}&#8221;]<\/p>\n<p style=\"text-align: left;\"><strong>CARACTER\u00cdSTICAS DE TAZA:<\/strong><br \/>\nCaf\u00e9 fragancia dulce y cuerpo suave, equilibrado, sabores c\u00edtricos y postgusto persistente.<\/p>\n<p style=\"text-align: left;\"><strong>UBICACI\u00d3N GEOGR\u00c1FICA:<\/strong><br \/>\nEl Para\u00edso, parte de Choluteca y Francisco Moraz\u00e1n<\/p>\n<p style=\"text-align: left;\"><strong>PRECIPITACI\u00d3N ANUAL:<\/strong><br \/>\n1.300 &#8211; 2.300 mm<\/p>\n<p style=\"text-align: left;\"><strong>ALTITUD:<\/strong><br \/>\n1.100 &#8211; 1.700 msnm<\/p>\n<p style=\"text-align: left;\"><strong>TEMPERATURA:<\/strong><br \/>\n16 &#8211; 24 \u00b0C<\/p>\n<p style=\"text-align: left;\"><strong>TIPO DE SOMBRA:<\/strong><br \/>\nInga, fruta y bosque<\/p>\n<p style=\"text-align: left;\"><strong>VARIEDADES:<\/strong><br \/>\nCatua\u00ed, Pacas, Caturra Parainema y Lempira<\/p>\n<p style=\"text-align: left;\"><strong>PERIODO DE CULTIVO:<\/strong><br \/>\nDiciembre &#8211; Marzo<\/p>\n<p>[\/vc_hoverbox][\/vc_column][\/vc_row][vc_row][vc_column][vc_empty_space height=&#8221;40px&#8221;][\/vc_column][\/vc_row]<\/p>\n","protected":false},"excerpt":{"rendered":"<p>[vc_row][vc_column css=&#8221;.vc_custom_1679989326766{margin-top: 60px !important;}&#8221;][vc_empty_space height=&#8221;30px&#8221;][\/vc_column][\/vc_row][vc_row][vc_column width=&#8221;1\/3&#8243; css=&#8221;.vc_custom_1665795121748{background-color: #788142 !important;}&#8221;][vc_empty_space height=&#8221;30px&#8221;][vc_single_image image=&#8221;1699&#8243; alignment=&#8221;center&#8221;][vc_hoverbox image=&#8221;1697&#8243; primary_title=&#8221;Cop\u00e1n&#8221; primary_title_font_container=&#8221;color:%23ffffff&#8221; hover_title=&#8221;&#8221; shape=&#8221;square&#8221; hover_background_color=&#8221;white&#8221; align=&#8221;left&#8221; use_custom_fonts_primary_title=&#8221;true&#8221;] CARACTER\u00cdSTICAS DE TAZA: Caf\u00e9 de aroma dulce, sabor a chocolate, cuerpo cremoso, balanceado, con un pos gusto dulce y persistente. UBICACI\u00d3N GEOGR\u00c1FICA: Cop\u00e1n, Ocotepeque y Santa B\u00e1rbara PRECIPITACI\u00d3N ANUALES: 1.300 &#8211; 2.300 mm ALTITUD: 1.000 [&hellip;]<\/p>\n","protected":false},"author":1,"featured_media":0,"parent":0,"menu_order":0,"comment_status":"closed","ping_status":"closed","template":"page-templates\/page-fullwidth.php","meta":{"footnotes":""},"class_list":["post-2030","page","type-page","status-publish","hentry"],"_links":{"self":[{"href":"https:\/\/caricafellc.com\/es\/wp-json\/wp\/v2\/pages\/2030","targetHints":{"allow":["GET"]}}],"collection":[{"href":"https:\/\/caricafellc.com\/es\/wp-json\/wp\/v2\/pages"}],"about":[{"href":"https:\/\/caricafellc.com\/es\/wp-json\/wp\/v2\/types\/page"}],"author":[{"embeddable":true,"href":"https:\/\/caricafellc.com\/es\/wp-json\/wp\/v2\/users\/1"}],"replies":[{"embeddable":true,"href":"https:\/\/caricafellc.com\/es\/wp-json\/wp\/v2\/comments?post=2030"}],"version-history":[{"count":43,"href":"https:\/\/caricafellc.com\/es\/wp-json\/wp\/v2\/pages\/2030\/revisions"}],"predecessor-version":[{"id":2656,"href":"https:\/\/caricafellc.com\/es\/wp-json\/wp\/v2\/pages\/2030\/revisions\/2656"}],"wp:attachment":[{"href":"https:\/\/caricafellc.com\/es\/wp-json\/wp\/v2\/media?parent=2030"}],"curies":[{"name":"wp","href":"https:\/\/api.w.org\/{rel}","templated":true}]}}

<p>[vc_row][vc_column css=&#8221;.vc_custom_1679989326766{margin-top: 60px !important;}&#8221;]	
	<h2 style="text-align: center;" > Regiones cafetaleras de Honduras</h2>	
[vc_empty_space height=&#8221;30px&#8221;][/vc_column][/vc_row][vc_row][vc_column width=&#8221;1/3&#8243; css=&#8221;.vc_custom_1665795121748{background-color: #788142 !important;}&#8221;][vc_empty_space height=&#8221;30px&#8221;][vc_single_image image=&#8221;1699&#8243; alignment=&#8221;center&#8221;][vc_hoverbox image=&#8221;1697&#8243; primary_title=&#8221;Copán&#8221; primary_title_font_container=&#8221;color:%23ffffff&#8221; hover_title=&#8221;&#8221; shape=&#8221;square&#8221; hover_background_color=&#8221;white&#8221; align=&#8221;left&#8221; use_custom_fonts_primary_title=&#8221;true&#8221;]</p>
<p style="text-align: left;"><strong>CARACTERÍSTICAS DE TAZA:</strong></p>
<p style="text-align: left;">Café de aroma dulce, sabor a chocolate, cuerpo cremoso, balanceado, con un pos gusto dulce y persistente.</p>
<p style="text-align: left;"><strong>UBICACIÓN GEOGRÁFICA:</strong></p>
<p style="text-align: left;">Copán, Ocotepeque y Santa Bárbara</p>
<p style="text-align: left;"><strong>PRECIPITACIÓN ANUALES:</strong></p>
<p style="text-align: left;">1.300 &#8211; 2.300 mm</p>
<p style="text-align: left;"><strong>ALTITUD:</strong></p>
<p style="text-align: left;">1.000 &#8211; 1.700 mnsm</p>
<p style="text-align: left;"><strong>TEMPERATURA:</strong></p>
<p style="text-align: left;">16 &#8211; 24 ºC</p>
<p style="text-align: left;"><strong>TIPO DE SOMBRA:</strong></p>
<p style="text-align: left;">Inga, Frutales y Forestal<br />
<b data-stringify-type="bold"></b></p>
<p style="text-align: left;"><strong>VARIEDADES:</strong></p>
<p style="text-align: left;">Bourbon, Catuaí, Pacas, Lempira e IHCAFE 90</p>
<p style="text-align: left;"><strong>PERIODO DE CULTIVO:</strong></p>
<p style="text-align: left;">Noviembre -Marzo</p>
<p>&nbsp;</p>
<p>[/vc_hoverbox][/vc_column][vc_column width=&#8221;1/3&#8243; css=&#8221;.vc_custom_1665806886473{background-color: #f27733 !important;}&#8221;][vc_empty_space height=&#8221;30px&#8221;][vc_single_image image=&#8221;1700&#8243; img_size=&#8221;210&#215;150&#8243; alignment=&#8221;center&#8221;][vc_hoverbox image=&#8221;1692&#8243; primary_title=&#8221;Opalaca&#8221; primary_title_font_container=&#8221;color:%23ffffff&#8221; hover_title=&#8221;&#8221; shape=&#8221;square&#8221; hover_background_color=&#8221;white&#8221; align=&#8221;left&#8221; use_custom_fonts_primary_title=&#8221;true&#8221; css=&#8221;.vc_custom_1680069888895{background-color: #f27733 !important;}&#8221;]</p>
<p style="text-align: left;"><strong>CARACTERÍSTICAS DE TAZA:</strong><br />
Café con una fina y delicada acidez, equilibrado, con sabores de frutas tropicales como uva y la mora, con post gusto cítrico.<br />
<strong>UBICACIÓN GEOGRÁFICA:</strong><br />
Santa Bárbara, Intibuca y Lempira<br />
<strong>PRECIPITACIÓN ANUAL:</strong><br />
1.300 &#8211; 2.300 mm<br />
<strong>ALTITUD:</strong><br />
1.100 &#8211; 1.700 msnm<br />
<strong>TEMPERATURA:</strong><br />
14 &#8211; 22 ºC<br />
<strong>TIPO DE SOMBRA:</strong><br />
Inga, frutales y Forestales<br />
<strong>VARIEDADES:</strong><br />
Bourbon, Catuaí, Lempira y Typica<br />
<strong>PERIODO DE CULTIVO:</strong><br />
Noviembre &#8211; Marzo</p>
<p>[/vc_hoverbox][/vc_column][vc_column width=&#8221;1/3&#8243; css=&#8221;.vc_custom_1665806936575{background-color: #7ec34e !important;}&#8221;][vc_empty_space height=&#8221;30px&#8221;][vc_single_image image=&#8221;2017&#8243; img_size=&#8221;210&#215;150&#8243; alignment=&#8221;center&#8221;][vc_hoverbox image=&#8221;1693&#8243; primary_title=&#8221;Montecillos&#8221; primary_title_font_container=&#8221;color:%23ffffff&#8221; hover_title=&#8221;&#8221; shape=&#8221;square&#8221; hover_background_color=&#8221;white&#8221; align=&#8221;left&#8221; use_custom_fonts_primary_title=&#8221;true&#8221; css=&#8221;.vc_custom_1680069943392{background-color: #7ec34e !important;}&#8221;]</p>
<p style="text-align: left;"><strong>CARACTERÍSTICAS DE TAZA:</strong><br />
Café con fragancias afrutadas y dulces, acidez viva y brillante, cuerpo aterciopelado con sabores cítricos y a melocotón, con un regusto persistente.<br />
<strong>UBICACIÓN GEOGRÁFICA:</strong><br />
La Paz, Comayagua, Santa Bárbara e Intibuca<br />
<strong>PRECIPITACIÓN ANUAL:</strong><br />
1.300 &#8211; 2.300 mm<br />
<strong>ALTITUD:</strong><br />
1.100 &#8211; 1.700 msnm<br />
<strong>TEMPERATURA:</strong><br />
16 &#8211; 24 °C<br />
<strong>TIPO DE SOMBRA:</strong><br />
Inga, Frutales y Forestales y Pino<br />
<strong>VARIEDADES:</strong><br />
Bourbon, Catuaí, Lempira y Pacas<br />
<strong>PERIODO DE CULTIVO:</strong><br />
Diciembre &#8211; Abril</p>
<p>[/vc_hoverbox][/vc_column][/vc_row][vc_row][vc_column][vc_empty_space height=&#8221;30px&#8221;][/vc_column][/vc_row][vc_row][vc_column width=&#8221;1/3&#8243; css=&#8221;.vc_custom_1665809167714{background-color: #3b3c75 !important;}&#8221;][vc_empty_space height=&#8221;30px&#8221;][vc_single_image image=&#8221;2004&#8243; alignment=&#8221;center&#8221;][vc_hoverbox image=&#8221;1697&#8243; primary_title=&#8221;Comayagua&#8221; primary_title_font_container=&#8221;color:%23ffffff&#8221; hover_title=&#8221;&#8221; shape=&#8221;square&#8221; hover_background_color=&#8221;white&#8221; align=&#8221;left&#8221; use_custom_fonts_primary_title=&#8221;true&#8221;]</p>
<p style="text-align: left;"><strong>CARACTERÍSTICAS DE TAZA:</strong><br />
Café con fragancias dulces y frutales, cuerpo cremoso y un pronunciado sabor cítrico<br />
<strong>UBICACIÓN GEOGRÁFICA:</strong><br />
Comayagua, Francisco Morazán, La Paz e Intibucá<br />
<strong>PRECIPITACIÓN ANUAL:</strong><br />
1300 &#8211; 2300 mm<br />
<strong>ALTITUD:</strong><br />
1.100 &#8211; 1.700 mnsm<br />
<strong>TEMPERATURA:</strong><br />
16 &#8211; 22 °C<br />
<strong>TIPO DE SOMBRA:</strong><br />
Inga, Frutales Forestales y Pino<br />
<strong>VARIEDADES:</strong><br />
Bourbon, Typica, Caturrra y Lempira<br />
<strong>PERIODO DE CULTIVO:</strong><br />
Diciembre &#8211; Marzo</p>
<p> [/vc_hoverbox][/vc_column][vc_column width=&#8221;1/3&#8243; css=&#8221;.vc_custom_1665811283096{background-color: #c63441 !important;}&#8221;][vc_empty_space height=&#8221;30px&#8221;][vc_single_image image=&#8221;1701&#8243; alignment=&#8221;center&#8221;][vc_hoverbox image=&#8221;1703&#8243; primary_title=&#8221;Agalta&#8221; primary_title_font_container=&#8221;color:%23ffffff&#8221; hover_title=&#8221;&#8221; shape=&#8221;square&#8221; hover_background_color=&#8221;white&#8221; align=&#8221;left&#8221; use_custom_fonts_primary_title=&#8221;true&#8221; css=&#8221;.vc_custom_1680070069967{background-color: #c63441 !important;}&#8221;]</p>
<p style="text-align: left;"><strong>CARACTERÍSTICAS DE TAZA:</strong><br />
Cafe con fragancia a caramelo, con diversos sabores a frutas tropicales y postgusto dulce.<br />
<strong>UBICACIÓN GEOGRÁFICA:</strong><br />
Olancho, Yoro , Atlantida y Colón<br />
<strong>PRECIPITACIÓN ANUAL:</strong><br />
1.300 &#8211; 2.300 mm<br />
<strong>ALTITUD:</strong><br />
1.100 &#8211; 1.700 msnm<br />
<strong>TEMPERATURA:</strong><br />
16 &#8211; 24°C<br />
<strong>TIPO DE SOMBRA:</strong><br />
Inga, fruta y bosque<br />
<strong>VARIEDADES</strong>:<br />
Bourbon, Typica , Caturra y Lempira<br />
<strong>PERIODO DE CULTIVO:</strong><br />
Diciembre &#8211; Marzo</p>
<p>[/vc_hoverbox][/vc_column][vc_column width=&#8221;1/3&#8243; css=&#8221;.vc_custom_1665811307240{background-color: #fcd228 !important;}&#8221;][vc_empty_space height=&#8221;30px&#8221;][vc_single_image image=&#8221;2008&#8243; alignment=&#8221;center&#8221;][vc_hoverbox image=&#8221;1702&#8243; primary_title=&#8221;El Paraíso&#8221; primary_title_font_container=&#8221;color:%23ffffff&#8221; hover_title=&#8221;&#8221; shape=&#8221;square&#8221; hover_background_color=&#8221;white&#8221; align=&#8221;left&#8221; use_custom_fonts_primary_title=&#8221;true&#8221; css=&#8221;.vc_custom_1680070085774{background-color: #fcd228 !important;}&#8221;]</p>
<p style="text-align: left;"><strong>CARACTERÍSTICAS DE TAZA:</strong><br />
Café fragancia dulce y cuerpo suave, equilibrado, sabores cítricos y postgusto persistente.</p>
<p style="text-align: left;"><strong>UBICACIÓN GEOGRÁFICA:</strong><br />
El Paraíso, parte de Choluteca y Francisco Morazán</p>
<p style="text-align: left;"><strong>PRECIPITACIÓN ANUAL:</strong><br />
1.300 &#8211; 2.300 mm</p>
<p style="text-align: left;"><strong>ALTITUD:</strong><br />
1.100 &#8211; 1.700 msnm</p>
<p style="text-align: left;"><strong>TEMPERATURA:</strong><br />
16 &#8211; 24 °C</p>
<p style="text-align: left;"><strong>TIPO DE SOMBRA:</strong><br />
Inga, fruta y bosque</p>
<p style="text-align: left;"><strong>VARIEDADES:</strong><br />
Catuaí, Pacas, Caturra Parainema y Lempira</p>
<p style="text-align: left;"><strong>PERIODO DE CULTIVO:</strong><br />
Diciembre &#8211; Marzo</p>
<p>[/vc_hoverbox][/vc_column][/vc_row][vc_row][vc_column][vc_empty_space height=&#8221;40px&#8221;][/vc_column][/vc_row]</p>

<p>[vc_row][vc_column css=&#8221;.vc_custom_1679989326766{margin-top: 60px !important;}&#8221;][vc_empty_space height=&#8221;30px&#8221;][/vc_column][/vc_row][vc_row][vc_column width=&#8221;1/3&#8243; css=&#8221;.vc_custom_1665795121748{background-color: #788142 !important;}&#8221;][vc_empty_space height=&#8221;30px&#8221;][vc_single_image image=&#8221;1699&#8243; alignment=&#8221;center&#8221;][vc_hoverbox image=&#8221;1697&#8243; primary_title=&#8221;Copán&#8221; primary_title_font_container=&#8221;color:%23ffffff&#8221; hover_title=&#8221;&#8221; shape=&#8221;square&#8221; hover_background_color=&#8221;white&#8221; align=&#8221;left&#8221; use_custom_fonts_primary_title=&#8221;true&#8221;] CARACTERÍSTICAS DE TAZA: Café de aroma dulce, sabor a chocolate, cuerpo cremoso, balanceado, con un pos gusto dulce y persistente. UBICACIÓN GEOGRÁFICA: Copán, Ocotepeque y Santa Bárbara PRECIPITACIÓN ANUALES: 1.300 &#8211; 2.300 mm ALTITUD: 1.000 [&hellip;]</p>
